2
Let y(s) be the second derivative of 13*s**4/12 - s**3/3 - 4*s**2 - 2*s - 207. What is y(3)?
103
Let y(m) = -3*m**2 + 18*m + 75. Let a be 12/(-9)*(12062/(-1480) - (-14)/10). Give y(a).
-6
Let j(z) = 13*z + 74. Let m be (-20)/6*3897/2165. Calculate j(m).
-4
Let r(t) = 71*t**3 - 22*t**2 - 75*t + 17. Let l(k) = 10*k**3 + 1. Let b(j) = 7*l(j) - r(j). Give b(25).
-10
Let c(r) = -r**2 - 7*r - 5. Let o be c(-6). Let x(f) = -f**2 + 3*f + 32. Let d be x(7). Let n(z) = 4*z - 8*z - z - d*z. Determine n(o).
-9
Let r(p) = 175*p + 18. Let l be r(1). Let i = -196 + l. Let b(d) = 0*d**3 + 5*d**2 - d**2 + d**3 + 2*d. Give b(i).
3
Suppose -372 = -150*s + 78. Let a(i) = -7*i + 17. Determine a(s).
-4
Let c(y) be the first derivative of 5*y**2/2 - 6*y - 293. Give c(4).
14
Suppose 33 = -3*d - 18. Let p = -1 - d. Suppose n = -n + p. Let l(x) = x - 4. Determine l(n).
4
Let n(b) = -28 - 18*b**2 - 3*b - 15*b + 4840*b**3 - 4841*b**3. Calculate n(-17).
-11
Let x(c) = c**2 - 2*c - 14. Let v be x(-3). Let r(p) = -v - 57*p**2 + 5*p + 58*p**2 + 2*p. Give r(-6).
-7
Let t be (-495)/(-10)*(-4)/(-3). Let y(x) = -t*x - 7 + 69*x - 17. Give y(10).
6
Suppose 6*g = 40 - 412. Let o = -45 - g. Let w(x) = -1 - 12*x + o*x + 6*x. What is w(1)?
10
Let p(n) = 6*n**2 - 6*n + 1. Let r(o) = 13*o**2 - o + 28. Let h(l) = 2*p(l) - r(l). Determine h(-3).
-2
Let z(y) = y**3 - 16*y**2 + 2*y - 16. Let p = -8580 + 8596. Determine z(p).
16
Let y(m) = -m**3 - m**2 - 2*m + 7. Suppose p = 4*h + 41 - 25, -3*p + 3*h = -12. Calculate y(p).
7
Let p(t) be the third derivative of t**5/30 - t**4/4 - 7*t**3/3 - 1303*t**2. Give p(6).
22
Let p(z) = -18*z + 1. Let r(q) = -q**3 + q**2 + 19*q + 7. Let h be (-11)/(-2) - (-5)/(-10). Let w be r(h). Determine p(w).
-35
Let s(j) = -j**2 - 6*j - 1. Let i(m) be the first derivative of -m**4/4 - 8*m**3/3 + 10*m**2 - 4*m - 23. Let g be i(-10). Calculate s(g).
7
Let w(k) = 5*k + 38. Let u be w(-6). Suppose 7*a - u = -a. Let h(b) = 3*b**2 - b + 1. Give h(a).
3
Let m(q) = -q**3 + 5*q**2 - q - 1. Suppose 0 = -2*h - 2*h. Suppose 3*b - b = 3*a + 7, 3*b - 3*a - 9 = h. Let p be (-7)/(14/(-6)) + b. Calculate m(p).
-6
Suppose 12*j - 84 + 12 = 0. Suppose -2*a - 5*w - 16 = j, 0 = 2*a + 4*w + 18. Let m(u) = -4*u**3 - 2*u**2 - 3*u - 2. Calculate m(a).
3
Let j(h) = -h**2 + 25*h - 98. Let x be j(20). Let l(m) = 8*m - 4 + 3*m + 165*m**2 - 166*m**x - 5. Calculate l(11).
-9
Let l(t) = 3*t**2 - 4*t - 13. Let b be l(8). Let d = b - 150. Let u(g) = g**3 + 5*g**2 + 3*g + 1. Give u(d).
10
Let a(c) = -206 - 26*c + c**2 + 182 + 161. What is a(10)?
-23
Let d = -268 + 268. Suppose -3*b + d*o + o + 38 = 0, -5*b - 3*o + 68 = 0. Let w(u) = u - 15. What is w(b)?
-2
Let f(i) = 8*i + 4. Let q be -5*(-9)/(-7 + 16). Suppose -q*j - 12 = -2*j + 2*y, -2*j + 2*y = -2. Calculate f(j).
-12
Let y be (-2)/6*(-12)/(-8)*-146. Let j = y + -29. Let n(b) = 14 + b**3 + 16 + 9 - j + 5*b**2 + 3*b. Give n(-5).
-20
Let h(p) = 71. Let l(a) = -a + 108. Let m(k) = -7*h(k) + 5*l(k). Determine m(6).
13
Suppose -13*y = -1582 - 30. Let w(b) = -b**3 + 2*b + y*b**2 - 2*b - b - 122*b**2. Suppose 0*q - 2*h - 8 = -4*q, 0 = h + 2. Give w(q).
0
Let j(x) = 0 + 6 + 126*x**2 + 142*x - 148*x - 127*x**2. Let q be (-20)/(-5) + 0/1. Suppose -w = -4*r + 5, -q*r - 10 = w + w. Calculate j(w).
11
Let d(w) = 4*w**2 - 58*w + 25. Let o be d(14). Let r(f) = 52*f - 4. Let h(a) = 6*a. Let i(j) = -8*h(j) + r(j). Give i(o).
-16
Let w be -6 - 2/(-1)*49/((-77)/(-11)). Let q(y) = 6*y - 55. Determine q(w).
-7
Let h(b) = 24*b + 36 - 14*b - 11*b. Calculate h(15).
21
Let f be (-13 + (-4214)/(-322) + 280/(-46))/1. Let m(b) = b**3 + 2*b**2 - 25*b - 6. Calculate m(f).
0
Let t(i) = i**2 + 8*i. Let r(y) = -11*y**3 + y**2 - 3*y + 2. Let a be r(1). Let f be 2/2*(-55)/a. Suppose 3*z - h + 14 = 0, 73 = -5*z - f*h + 23. Give t(z).
-12
Let s be 16/(-4) + 1/8*24. Let w(g) = -22*g**2 - 3*g - 3. Determine w(s).
-22
Let h(j) = -5*j**2 + 3*j. Let g be 16/152 - 36/(-19). Let o be 3 + (0 - g) + 1. What is h(o)?
-14
Let d(a) be the third derivative of a**7/840 - a**6/45 - a**5/30 - a**4/12 - 15*a**3 + 127*a**2. Let r(p) be the first derivative of d(p). What is r(8)?
-34
Let a be (-1)/(3/(-15)) + (4 - 3). Suppose 9*h - a*h = 72. Suppose 0 = -5*d - 3*r + 70, -r = d + 8 - h. Let f(l) = -l**3 + 12*l**2 - 12*l + 7. Calculate f(d).
-4
Let n(r) = -r**2 + 12*r - 9. Let o(b) = -2*b**3 - 14*b**2 - 3*b - 15. Suppose -2*g = -2, -g = -i + 1 - 9. Let m be o(i). Calculate n(m).
27
Let m(a) be the first derivative of a**6/120 - 5*a**3/6 - 33*a**2/2 + 3*a + 46. Let p(t) be the second derivative of m(t). Calculate p(0).
-5
Let v = 113 + -106. Let q(i) = -v*i - 2*i - i + 4 + 9*i. Let h = 14 + -8. Give q(h).
-2
Let p = -37772 - -37764. Let x(r) = r**3 + 8*r**2 - 6*r - 17. Calculate x(p).
31
Let o(u) = -u**3 - 15*u**2 - 2*u - 20. Suppose 13*j + 881 = 686. Calculate o(j).
10
Suppose 4082*p - 4563*p - 2886 = 0. Let f(k) = 3*k**2 + 2*k + 28. Let g(j) = -2*j**2 - j - 19. Let l(q) = -5*f(q) - 7*g(q). Calculate l(p).
-25
Let n(l) = -242 + 175 + 139 + 15*l. Determine n(-3).
27
Let r(n) be the first derivative of n**3/3 - 3*n**2/2 - 6*n + 9. Let m = 29 + -11. Suppose 4*s = m + 2. What is r(s)?
4
Let i(c) be the second derivative of -c**4/12 + 3*c**3/2 - 2*c**2 + 177*c. Determine i(12).
-40
Let h(w) = 8*w - 47. Let i be 12*((-828)/81 + 10)*(-3)/2. Determine h(i).
-15
Let n(k) = k**2 - 11*k - 1. Suppose 8306 - 8258 = 6*b. Determine n(b).
-25
Let q(a) be the first derivative of -11*a**2 - 109*a + 1189. Determine q(-5).
1
Let z(b) = -b**3 - 7*b**2 + 5*b - 18. Let o be 212/(-26) - (-16)/104. Let s be z(o). Suppose -s*m - 70 + 22 = 0. Let y(i) = i + 1. Give y(m).
-7
Let p(r) be the third derivative of -r**5/60 - r**4/12 - 19*r**3/6 - 1896*r**2. What is p(-6)?
-43
Let f = 257 - 255. Let y(s) = -12*s**f + 10*s - 9*s + 13*s**2. What is y(-1)?
0
Let s(i) = -269 - 257 + 790 - 13*i - 263. Determine s(2).
-25
Let z(c) = 6*c + c**3 - 6 + 8*c**2 + 8*c**3 - 8*c**3. Let o(y) = 124*y**2 - y - 7. Let r be o(0). What is z(r)?
1
Let l(g) be the third derivative of g**5/12 - 9*g**4/8 - 14*g**3/3 - 5*g**2 - 321*g. Calculate l(-1).
4
Let f(c) = -7*c - 5. Let l = -3281 - -3283. Determine f(l).
-19
Let b(r) = r**3 + 6*r**2 + 8*r + 9. Let q = 189 + -195. Give b(q).
-39
Let a(g) be the second derivative of g**6/360 - g**5/30 + g**4/12 - 41*g**3/3 + 88*g. Let t(s) be the second derivative of a(s). Determine t(6).
14
Let m(j) = -2*j - 2. Let r(o) = 5*o + 5. Let v(a) = 9*m(a) + 4*r(a). Let u be 5/10*-26 - -2. Let k be (u/33)/((-2)/(-12)). What is v(k)?
-2
Let r be 1/(-3)*(352 + -388). Let d(o) = -7*o + 93. Give d(r).
9
Let b(d) = -7*d + 6*d - 24 + 14 - 28. Determine b(-18).
-20
Let r be ((-7)/28 + 0)/((-2)/24). Suppose 2*x + s = 3, -4*x + 4*s - 12 = -7*x. Let p(a) = x*a + r*a + 39 + 0*a - 41. What is p(-3)?
-11
Let m(q) = -2*q**3 - 3*q**2 - q - 1. Suppose 0 = -23*x - 79 - 12 + 22. Determine m(x).
29
Let z(s) = -12*s - 138*s**2 - 6*s + 16*s + 104 + 139*s**2. Give z(0).
104
Let a = -29 + 29. Let o(z) = -3 + 1 + a + 4 - 11*z + z**2. Suppose -4*w + 6*r + 46 = 8*r, 4*w - 4*r - 40 = 0. Calculate o(w).
2
Suppose -3*a + 85 = 100. Let q(n) = 4*n**2 - 6*n + 16. Let f(w) = 5*w**2 - 6*w + 18. Let u(o) = a*f(o) + 6*q(o). What is u(-7)?
-1
Suppose 0*a - 5 = 2*f - 3*a, -7 = -5*f + a. Let x(b) = -b + 1084 - f*b + 4*b - 1081. Calculate x(-7).
-4
Suppose 0 = 4*y + 4*s - 36 - 28, -2*s - 4 = 0. Suppose 11 = y*u - 7*u. Let k(z) = 9*z - 1. What is k(u)?
8
Let t(r) be the first derivative of r**3/3 + 5*r**2/2 - 2*r - 9. Suppose u + 3*p - 267 + 273 = 0, 5*u = -2*p + 9. What is t(u)?
22
Let p(i) be the second derivative of 7/12*i**4 + 3/2*i**2 + 68*i + 1/20*i**5 + 3/2*i**3 + 0. Suppose -2*g - 3*m = 9, 0 = 2*g - 5*g - 2*m - 16. Calculate p(g).
-15
Let q be -1*(-3 - 2)*1. Let c(s) = 6*s**2 - 2*s - 25. Let v(o) = 7*o**2 - o - 27. Let g(n) = q*v(n) - 6*c(n). Give g(9).
-3
Let w(q) = 4*q + 3. Let g = 142 + -95. Suppose -65 = g*y - 52*y. Suppose 5*s + 40 = y*s. Give w(s).
23
Suppose g + r + 38 = 31, 3*g - 15 = 3*r. Let c(l) = -4*l**2 - 2*l - 1. Determine c(g).
-3
Let l(z) be the first derivative of z**3/3 - 3*z**2/2 + 2. Let h be (-18 + (1 - -5))/(6/(-10)). Suppose 0 = 47*k - 42*k - h. Calculate l(k).
4
Let t(v) = v**2 + 4*v - 121. Let m = -8012 + 8021. Give t(m).
-4
Le